7431
What are the prime factors of 411836573?
317, 1299169
What are the prime factors of 1844274620?
2, 5, 37, 2492263
List the prime factors of 201423267.
3, 53, 46919
What are the prime factors of 285077665?
5, 97, 587789
List the prime factors of 1211446374.
2, 3, 201907729
List the prime factors of 51370198.
2, 11, 2335009
List the prime factors of 1212233735.
5, 97, 823, 3037
What are the prime factors of 585936299?
13, 45072023
What are the prime factors of 264520147?
19, 149, 223, 419
What are the prime factors of 131050569?
3, 13, 17, 157, 1259
What are the prime factors of 31409634?
2, 3, 31, 168869
What are the prime factors of 82982430?
2, 3, 5, 922027
What are the prime factors of 39401542?
2, 19700771
What are the prime factors of 1011977504?
2, 29, 1090493
What are the prime factors of 90418356?
2, 3, 7, 97, 137
What are the prime factors of 135596836?
2, 113, 299993
List the prime factors of 363187299.
3, 19, 491, 683
List the prime factors of 60483772.
2, 15120943
List the prime factors of 2366271808.
2, 36972997
What are the prime factors of 212882885?
5, 461, 92357
What are the prime factors of 30393002?
2, 43, 157, 2251
What are the prime factors of 342213897?
3, 83, 193, 7121
List the prime factors of 3609611281.
3609611281
What are the prime factors of 185039394?
2, 3, 67, 460297
List the prime factors of 4764522013.
23, 207153131
What are the prime factors of 19219616?
2, 13, 47, 983
List the prime factors of 661419127.
19, 34811533
List the prime factors of 997662138.
2, 3, 11, 47, 321619
List the prime factors of 95240353.
13, 149, 49169
List the prime factors of 123719310.
2, 3, 5, 11, 13, 9613
What are the prime factors of 57233544?
2, 3, 67, 35593
What are the prime factors of 202200688?
2, 271, 46633
List the prime factors of 1172062005.
3, 5, 78137467
List the prime factors of 19647740.
2, 5, 7, 37, 3793
List the prime factors of 221384077.
221384077
What are the prime factors of 138094703?
2087, 66169
List the prime factors of 181313961.
3, 107, 683, 827
What are the prime factors of 1646606329?
19, 281, 308411
List the prime factors of 59273489.
11, 2129, 2531
What are the prime factors of 2867268657?
3, 11, 29, 131, 22871
What are the prime factors of 16321331?
13, 491, 2557
List the prime factors of 19113280.
2, 5, 59729
List the prime factors of 108910389.
3, 7, 53, 1997
What are the prime factors of 4498397617?
7, 379, 242227
List the prime factors of 5496738674.
2, 7, 23, 431, 39607
What are the prime factors of 4520571660?
2, 3, 5, 11, 17, 89, 503
What are the prime factors of 16521402?
2, 3, 2753567
What are the prime factors of 24922592?
2, 778831
What are the prime factors of 1784680284?
2, 3, 148723357
List the prime factors of 236524206.
2, 3, 61, 277, 2333
List the prime factors of 336939644.
2, 173, 486907
What are the prime factors of 2778633626?
2, 3917, 354689
List the prime factors of 476089737.
3, 158696579
What are the prime factors of 318372330?
2, 3, 5, 10612411
List the prime factors of 4356771997.
43, 293, 345803
What are the prime factors of 323941046?
2, 11, 13, 1132661
What are the prime factors of 79399232?
2, 11, 10253
What are the prime factors of 62734191?
3, 13, 1608569
List the prime factors of 200896638.
2, 3, 41, 816653
List the prime factors of 1510823765.
5, 11, 2017, 13619
List the prime factors of 133379227.
89, 137, 10939
List the prime factors of 120006366.
2, 3, 17, 1176533
List the prime factors of 213746101.
271, 347, 2273
What are the prime factors of 26349903?
3, 19, 223, 691
What are the prime factors of 91795663?
113, 812351
What are the prime factors of 3276905277?
3, 173, 1873, 3371
List the prime factors of 348253462.
2, 174126731
What are the prime factors of 124493205?
3, 5, 8299547
List the prime factors of 691760906.
2, 17, 20345909
List the prime factors of 1985640290.
2, 5, 17, 11680237
What are the prime factors of 36067871?
7, 19, 2039
What are the prime factors of 1305850858?
2, 13, 50225033
List the prime factors of 288135400.
2, 5, 7, 277, 743
What are the prime factors of 1131346525?
5, 45253861
What are the prime factors of 351798897?
3, 8117, 14447
List the prime factors of 1096934185.
5, 219386837
List the prime factors of 3489904547.
3489904547
What are the prime factors of 2964879597?
3, 37, 73, 367, 997
What are the prime factors of 36056992?
2, 1126781
List the prime factors of 456984018.
2, 3, 2820889
List the prime factors of 20324601.
3, 11, 22811
List the prime factors of 151802645.
5, 23, 1320023
What are the prime factors of 1479421603?
11, 127, 1058999
What are the prime factors of 269237485?
5, 11, 1367, 3581
List the prime factors of 3104808619.
11, 103, 2740343
What are the prime factors of 596093784?
2, 3, 11, 13, 173687
List the prime factors of 82947985.
5, 16589597
What are the prime factors of 1372503949?
137, 10018277
List the prime factors of 1450713473.
11, 97, 1359619
List the prime factors of 2045678083.
89, 1439, 15973
List the prime factors of 1023672857.
1023672857
What are the prime factors of 1618377427?
1618377427
List the prime factors of 8072032669.
211, 38256079
List the prime factors of 106805869.
29, 3682961
List the prime factors of 68861573.
11, 29, 139, 1553
What are the prime factors of 288123597?
3, 167, 191699
What are the prime factors of 221034623?
23, 653, 14717
List the prime factors of 5908677488.
2, 7, 17, 3103297
What are the prime factors of 61294535?
5, 12258907
What are the prime factors of 757133983?
19, 39849157
List the prime factors of 37685303.
19, 1983437
What are the prime factors of 29781684?
2, 3, 827269
List the prime factors of 8771321381.
31, 282945851
List the prime factors of 132849810.
2, 3, 5, 1476109
List the prime factors of 950862614.
2, 13, 29, 97007
What are the prime factors of 2213913287?
137, 16159951
What are the prime factors of 2374404195?
3, 5, 17, 23, 404843
List the prime factors of 111265377.
3, 487, 76157
What are the prime factors of 51714778?
2, 191, 331, 409
What are the prime factors of 16748554?
2, 23, 89, 4091
List the prime factors of 327820993.
2017, 162529
List the prime factors of 49151242.
2, 7, 3510803
List the prime factors of 650975598.
2, 3, 7, 13, 113, 3517
What are the prime factors of 15124874?
2, 19, 398023
What are the prime factors of 4005684810?
2, 3, 5, 44507609
List the prime factors of 122550602.
2, 43, 1425007
What are the prime factors of 51924560?
2, 5, 311, 2087
What are the prime factors of 137643233?
7, 13, 116351
What are the prime factors of 33854159?
33854159
List the prime factors of 249187452.
2, 3, 37, 677, 829
What are the prime factors of 451159787?
13, 17, 2041447
What are the prime factors of 44484217?
601, 74017
What are the prime factors of 301827419?
107, 2820817
What are the prime factors of 3870202?
2, 7, 276443
List the prime factors of 1445173919.
7, 73, 2828129
What are the prime factors of 1098056674?
2, 11, 13, 3839359
What are the prime factors of 258092111?
1249, 206639
List the prime factors of 3955107.
3, 13, 29, 269
List the prime factors of 1778838707.
17, 104637571
List the prime factors of 60653486.
2, 109, 278227
List the prime factors of 2746602034.
2, 11, 743, 168029
What are the prime factors of 1065752229?
3, 355250743
What are the prime factors of 40683951?
3, 7, 11, 593
List the prime factors of 17976419.
47, 71, 5387
List the prime factors of 307824928.
2, 19, 506291
What are the prime factors of 7234589076?
2, 3, 11, 13, 617, 6833
What are the prime factors of 60579533?
7, 1236317
What are the prime factors of 2635061029?
1279, 2060251
What are the prime factors of 194001278?
2, 149, 509, 1279
What are the prime factors of 222726166?
2, 13, 157, 54563
What are the prime factors of 1787308647?
3, 619, 962471
List the prime factors of 68667312.
2, 3, 7, 204367
What are the prime factors of 879230791?
137, 6417743
List the prime factors of 167800288.
2, 5243759
List the prime factors of 698403118.
2, 7, 73, 569, 1201
List the prime factors of 1735406520.
2, 3, 5, 331, 43691
What are the prime factors of 13434483?
3, 4478161
List the prime factors of 23465858.
2, 13, 41, 22013
What are the prime factors of 663086770?
2, 5, 66308677
List the prime factors of 1798466794.
2, 899233397
What are the prime